ve w(k).
3
Let c(o) be the third derivative of -o**5/30 + o**4/8 + o**3/3 + 5*o**2. Give c(3).
-7
Let v(l) = l**3 + 3*l**2 + l - 1. Suppose -4*s - 4 = 8. Calculate v(s).
-4
Suppose 1 = -4*h - 3*t, -2*h - t + 3*t = -10. Let n(f) = -h*f + 3 + 3 - 4 - 3. Calculate n(1).
-3
Let h(c) = 2*c**3 - c**3 + 3 + 0 + c + 5*c**2. Let y = -22 + 24. Suppose y*s - o = -14, 0 = -s + 5*o - 19 - 6. Determine h(s).
-2
Let a(c) be the third derivative of -5/24*c**4 + 2*c**2 + 0*c - 2/3*c**3 + 1/60*c**5 + 0. Calculate a(6).
2
Let z(v) = -2*v**2 - 4*v - 2. Suppose -4*j = -2*a + 8, 2*a - 9 = -a + 5*j. What is z(a)?
-2
Let r(d) = -d**2 - 8*d - 4. Let q be r(-7). Let k(z) = 0*z - 6*z**2 + 0*z**3 - q*z**3 + 2*z**3 - 5 - 4*z. Calculate k(-5).
-10
Let i(r) = -r**3 + 10*r**2 - 3*r - 5. Let u(n) = -n**3 + 9*n**2 - 3*n - 4. Let p(k) = -4*i(k) + 5*u(k). Let q be p(2). Let g(c) = c - 10. Determine g(q).
-4
Let j(z) = 15*z**2 + 0*z + 3*z + 1 + 1 - 14*z**2. Let d = -21 - -18. Determine j(d).
2
Let j(d) be the first derivative of d**4/4 + 5*d**3/3 + d - 17. Give j(-5).
1
Suppose -4*a = a. Suppose -r - 2 = -a*r. Let h(o) = -2*o**3 - 5*o**2 - 2*o + 4. Let i(j) = -j**2 - j + 1. Let l(t) = -h(t) + 2*i(t). Determine l(r).
-6
Let t(k) = k**3 - 5*k**2 + 4*k + 2. Let v = -76 - -80. Determine t(v).
2
Let o(m) be the second derivative of -m**5/20 - 5*m**4/12 + 7*m**3/6 - m**2/2 - 4*m. Let y(f) = -f**2 - 3*f + 4. Let p be y(-5). Determine o(p).
-7
Let s(c) be the second derivative of c**5/20 - c**4/2 - c**3/3 - 3*c**2/2 - 19*c + 2. Determine s(6).
-15
Let z(l) = l**3 + 2*l**2 - 3*l. Let q be (16/20)/((-2)/(-5)). What is z(q)?
10
Let b(c) = c**3 + 6*c**2 - 8*c - 3. Let q = 6 - 13. Let v be b(q). Let n(y) = y**2 - 4*y + 6. What is n(v)?
6
Let d be -2*(-15)/6 - -2. Let l(z) = z - d*z - 2 + 0 - z**2. What is l(-4)?
6
Let k(l) be the third derivative of l**5/60 - 7*l**4/24 + l**3/3 - 2*l**2. Let z = -6 + 11. Suppose -4*h - 5 = -5*i, 14 + 6 = -i + z*h. Give k(i).
-8
Let g = 63 - 62. Let k(s) = -13*s**2 + s. Calculate k(g).
-12
Let n(a) = 25 + 0*a - 2*a + 3*a - 27 - a**2. Give n(0).
-2
Suppose 23 = 3*v + 5. Let c(q) = -q**2 + 10*q. Let y(a) = a**2 - 9*a + 1. Let o(r) = 2*c(r) + 3*y(r). Determine o(v).
-3
Let s(f) = -f**2. Let z(n) = n**2 - 2*n - 3. Let d(t) = 3*s(t) + z(t). Let g(c) = 2*c. Let p be g(1). Let r be -3 - (1 + -1*p). Give d(r).
-7
Let l(n) = n - 14. Suppose 0*v + v = 0. What is l(v)?
-14
Let v(f) = -3 + 6*f + 2 + f**2 - 5*f + 4*f. Determine v(-6).
5
Let j(s) = s + 5. Let y(p) = -3*p**3 - 26*p**2 + 29*p - 7. Let a(d) = -d**3 - 9*d**2 + 10*d - 2. Let r(o) = -11*a(o) + 4*y(o). Let v be r(-6). Give j(v).
-1
Let a(h) = h**3 - h**2 - 2*h - 6. Let p(k) = -k**3 + 2*k**2 + 3*k + 7. Let v(s) = 7*a(s) + 6*p(s). Calculate v(-4).
0
Let m(s) = 4*s**2 - 4*s - 8. Suppose 3 = -4*g + 27. Let z(p) = -5*p**2 + 4*p + 9. Let n(i) = g*m(i) + 5*z(i). Give n(-5).
-8
Suppose -o + 3 = -3*m + 4, -3*m + 21 = 3*o. Let h = m + -2. Let q(k) = k**2 + k + 9. Calculate q(h).
9
Suppose 5*q - 3*c - 47 = 0, -2*q - c = 3*c + 2. Let g(p) = q*p**2 - 2*p**2 - p**3 - 3 - 1 - 3*p. Suppose -b - 2*y = -12, -4*b + 8 = y - 3*y. Determine g(b).
0
Let q = 0 + -4. Let k(y) = 4*y**2 + y + 1. Let a be k(-1). Let n(i) = -4*i - 3*i - 2*i**2 + 0 - a. What is n(q)?
-8
Let z be 0 - 3/((-15)/(-20)). Let o(x) = -x - 4. Calculate o(z).
0
Let m(n) = -5*n**2 - n**2 + 2*n - 3 + n**3 - 3*n. Let q be (2 + -6)*3/4. Let t(w) = w**3 - 7*w**2 - 2*w - 4. Let u(f) = q*t(f) + 4*m(f). Calculate u(2).
0
Let l(d) = 6*d - 1. Let j(f) be the first derivative of f**4/4 - 5*f**3/3 - 7*f**2/2 + 7*f + 1. Let z be j(6). Suppose 0 = -2*u + u - z. Determine l(u).
-7
Let k(s) = -3 + s - 4 - 3*s. Let t be 0/(-2*(-1)/(-2)). Let d = t - 5. Calculate k(d).
3
Let t be (16/6)/((-6)/(-9)). Let o(n) = -n**3 + 4*n**2 - 4*n - 1. Calculate o(t).
-17
Let u(x) = x - 1. Let c be u(-3). Let d(a) = -a**2 - 4*a + 1. Let p be d(c). Let v(y) = 5*y**2 - 1. Let m(q) = -q**2. Let k(h) = p*v(h) + 6*m(h). What is k(1)?
-2
Suppose -1 - 13 = -2*j. Let o(c) = 5 - j + c**2 - 13*c**3 + 1. Calculate o(1).
-13
Let w(t) be the first derivative of t**2 - 3 - 7/3*t**3 - t. What is w(1)?
-6
Let p(d) = d**2 + 2*d + 2. Suppose 5*r - 4*y - 7 = 2*r, -2*r = -5*y - 14. Determine p(r).
5
Suppose 5*y + 2 = 2*d + 18, y = -d - 1. Let o(m) = -4 + m**3 + 0 + 0*m - 2*m + 3*m**2. Determine o(d).
2
Let k(g) = 5 + 5 - 9 + g. Calculate k(-5).
-4
Suppose 0 = 2*g + i - 2*i - 6, -5*i + 15 = -g. Let d(z) = z**2 - 4*z - 3. Let s be d(g). Let j(b) = 3 - 1 + 5*b + b**s + 1. Calculate j(-3).
-3
Let n = 60 + -62. Let w(d) = 2*d**3 + 4*d**2 + 4*d + 2. What is w(n)?
-6
Let s(j) = j - 31*j**2 + 30*j**2 + 4 - j - 6*j. Give s(-6).
4
Suppose 3*p = 3*r - 0*p - 27, -r - 15 = 5*p. Let z be (r + -2)/(-2 - -3). Let k(t) = t**3 - 2 + t**3 - t - t**z. Determine k(-2).
-8
Let a be 3/(-6) - (-42)/4. Suppose -a = -2*s + 4. Let q(j) = j - 3*j - 2 + s. Give q(4).
-3
Let q(l) be the second derivative of -l**5/60 - l**4/12 - l**3/3 - l**2/2 - 8*l. Let y(w) be the first derivative of q(w). Give y(-3).
-5
Let x(y) = 11*y**3 - y**2 + y. Let n(j) = -j**3. Let m be n(-1). What is x(m)?
11
Let y = -19 - -23. Let m be 32/12 + y/3. Let q(o) = o**3 - 5*o**2 + 5*o - 2. Determine q(m).
2
Let r(n) = 2*n + 11 - 4*n + n + 0*n - 14. Let m(j) = j**2 - 7*j + 6. Let o be m(6). Determine r(o).
-3
Let s(t) = 6*t**2 - 1. Let k = -20 - -19. Determine s(k).
5
Let d(y) = y**3 + 5*y**2 - 8*y - 5. Let s = 4 + 2. Suppose -5*f + 3*v = 18, -3*v + s = -0*f - 3*f. Give d(f).
7
Let y(f) be the second derivative of -f**4/12 - 7*f**3/6 + f**2 + 44*f. What is y(-7)?
2
Suppose -9 = -3*d + 3*k, 5*d - 15 = -7*k + 2*k. Let l(g) be the second derivative of g**3/6 + 11*g. Calculate l(d).
3
Let k(w) = 19*w. Suppose 151*p - 147*p - 4 = 0. Give k(p).
19
Let t(r) = -r**3 - 6*r**2 + 2*r + 9. Suppose 6*g = g - 30. Give t(g).
-3
Let u be 6*((-1)/(-2) - 0). Let a(r) = -r + 1 - 4*r**2 + u*r**2 - 5*r**2. Calculate a(1).
-6
Let c(w) = -1 - 5*w + 2 + 2 + 2*w**2 - 5. What is c(4)?
10
Let d(x) = -x**2 - 5*x + 0*x - 4 + 7. Let m(k) be the second derivative of k**5/5 - k**4/12 - k**3/3 - k**2/2 + 7*k. Let s be m(-1). Give d(s).
7
Let l = 5 - 7. Let k(a) = 4*a + 20. Let q(v) = -v - 4. Let j(r) = l*k(r) - 11*q(r). Let w be (1/(-2))/(3/18). Calculate j(w).
-5
Suppose -3*t + 12 = 3*b, 5*b = 8 + 2. Let u be (t + -3 + 5)/2. Let c(n) = -5 + 6*n - n**u + 2 + 1. Give c(4).
6
Suppose 25 = 5*w - 3*q, -w - 3*q = q + 18. Suppose -8 = -2*u + 4*k - w*k, -u = 5*k + 26. Let i(m) = m**3 + 2*m**2 - m - 1. Determine i(u).
1
Let q(z) = -2*z - 1. Let p be q(1). Let s = p + 5. Suppose 0*t = -t - s. Let d(c) = 4*c + 1. Give d(t).
-7
Suppose 0 = -5*d - 0*d + 35. Let o(l) = 3*l - 9. Determine o(d).
12
Let x(t) = 3*t - t**3 - 4*t + 2*t. Suppose -2*b - 2*z = -0*z + 2, 5*z = 4*b - 23. Calculate x(b).
-6
Let s(m) = -m**2 - 4*m + 3. Suppose 0 = -4*w - 0 + 20. Let q = -3 + w. Determine s(q).
-9
Let k(j) = 4*j**2 - 6*j - 1379 + j**3 + 1379. Let x(i) = -i**2 - 5*i - 6. Let f be x(-4). Let y be -5 + 2 - f/(-1). Calculate k(y).
5
Let u(x) = x**2 - 9*x + 4. Suppose 2*l + q - 21 = -l, -3*l - 4*q = -21. Determine u(l).
-10
Let r be (1 + -4)/((-51)/68). Let w(a) = a**2 - 4*a + 2. What is w(r)?
2
Let s be 0*1/2 + 103. Suppose -l + 6*o + 41 = 3*o, -3*l - o + s = 0. Suppose 3*i - 8 + 3 = -5*f, 5*f - 5*i = -l. Let m(n) = 4*n. Calculate m(f).
-8
Let s(p) = p + 5. Suppose 0 = -2*a - 4, -5*a - 14 = 3*g - 4*a. What is s(g)?
1
Let q be (2 - 2) + (3 - 1). Suppose 1 = -q*t + t. Let o(n) = 5*n**3 - 2*n**2 - n. What is o(t)?
-6
Let d(z) = -5*z - 3. Let v = -8 - -11. Let o(x) = -4*x - 4. Let a(r) = v*d(r) - 4*o(r). Give a(-5).
2
Suppose 0 = -4*b + 3*v + 8, 3*v = -3*b + 3 + 3. Let g = 8 + -5. Let z(t) = -g*t**3 - 4*t**2 + 8*t**3 + 4*t**b. Give z(-1).
-5
Let g(h) = h**3 + 2*h**2 + 2*h + 3. Suppose -5*c + l - 6 = 0, -5*l = -3*c + 2*c + 18. Determine g(c).
-1
Let y(n) = -2 + 1 + 2*n + 0*n. Let h = -2 + 5. Suppose -2*b = 1 + 1, -5*m = -h*b - 18. Determine y(m).
5
Let d(a) be the second derivative of -a**3/6 - a**2 - 14*a. Give d(-4).
2
Suppose m + 0*m = 6. Suppose 0 = -3*y + 18 - m. Let q(x) be the second derivative of -x**5/20 + 5*x**4/12 - 2*x**3/3 - x**2/2 + 5*x. Give q(y).
-1
Let s = 781/15 + -52. Let g(l) be the third derivative of 0*l - s*l**5 + 2/3*l*